{"id":304,"date":"2021-11-05T17:30:41","date_gmt":"2021-11-05T17:30:41","guid":{"rendered":"http:\/\/olkgohoixa.cfolks.pl\/?page_id=304"},"modified":"2021-11-05T17:30:41","modified_gmt":"2021-11-05T17:30:41","slug":"obiekt-monitorowany","status":"publish","type":"page","link":"https:\/\/biblioteka.laziska.pl\/index.php\/obiekt-monitorowany\/","title":{"rendered":"Obiekt monitorowany"},"content":{"rendered":"\n\n\n\n<div class=\"tresc\">\n<h2 align=\"right\"><a class=\"pic\"><img decoding=\"async\" src=\"http:\/\/olkgohoixa.cfolks.pl\/wp-content\/uploads\/2021\/11\/monitoring.jpg\" alt=\"\" align=\"right\"><\/a><\/h2>\n<p><span><strong>Informacja o przetwarzaniu danych osobowych:<\/strong><\/span><\/p>\n<p>&nbsp;<\/p>\n<ol>\n<li><span>Administratorem Pani\/Pana danych osobowych jest Miejska Biblioteka Publiczna w \u0141aziskach G\u00f3rnych z siedzib\u0105 przy ulicy \u015aw. Jana Paw\u0142a II 1, 43-170 \u0141aziska G\u00f3rne, tel. 32\/ 22 41 412, e-mail:&nbsp;<\/span><a href=\"mailto:biblioteka@biblioteka.laziska.pl\"><span><u>biblioteka@biblioteka.laziska.pl<\/u><\/span><\/a><span>, reprezentowana przez Dyrektora.<\/span><\/li>\n<li><span>Kontakt z Inspektorem Ochrony Danych Osobowych mo\u017cna uzyska\u0107 pod adresem e-mail:&nbsp;<\/span><a href=\"mailto:iod@biblioteka.laziska.pl\"><span><u>iod@biblioteka.laziska.pl<\/u><\/span><\/a>.<\/li>\n<li><span>Pani\/Pana dane osobowe przetwarzane b\u0119d\u0105 w celu zapewnienia bezpiecze\u0144stwa pracownik\u00f3w oraz ochrony mienia.<\/span><\/li>\n<li><span>Podstawa prawna przetwarzania Pani\/Pana danych osobowych:<\/span>\n<ul>\n<li><span>realizacja cel\u00f3w wynikaj\u0105cych z prawnie uzasadnionych interes\u00f3w Administratora (art. 6 ust 1 lit f RODO),<\/span><\/li>\n<li><span>realizacja przys\u0142uguj\u0105cych Administratorowi uprawnie\u0144, b\u0105d\u017a spe\u0142nienie przez Administratora obowi\u0105zk\u00f3w okre\u015blonych przepisami prawa w zwi\u0105zku z art. 222&nbsp; ustawy z dnia 26 czerwca 1974 r. Kodeks pracy&nbsp; (art. 6 ust 1 lit c RODO).<\/span><\/li>\n<\/ul>\n<\/li>\n<li><span>Pani\/Pana dane osobowe nie b\u0119d\u0105 przekazywane innym podmiotom, z wyj\u0105tkiem podmiot\u00f3w uprawnionych do ich przetwarzania na podstawie przepis\u00f3w prawa lub stosownych um\u00f3w podpisanych z Administratorem i przetwarzaj\u0105cych dane osobowe na jego polecenie.<\/span><\/li>\n<li><span>Pani\/Pana dane osobowe b\u0119d\u0105 przechowywane przez okres 30 dni. W przypadku, w kt\u00f3rym nagrania obrazu stanowi\u0105 dow\u00f3d w post\u0119powaniu prowadzonym na podstawie prawa lub administrator powzi\u0105\u0142 wiadomo\u015b\u0107, i\u017c mog\u0105 one stanowi\u0107 dow\u00f3d w post\u0119powaniu, powy\u017cszy okres ulega przed\u0142u\u017ceniu do czasu prawomocnego zako\u0144czenia post\u0119powania.<\/span><\/li>\n<li><span>W zakresie przewidzianym przepisami prawa posiada Pani\/Pan prawo do dost\u0119pu do swoich danych osobowych oraz ograniczenia przetwarzania.<\/span><\/li>\n<li><span>W przypadku uznania, i\u017c przetwarzanie Pani\/Pana danych osobowych narusza przepisy RODO, posiada Pani\/Pan prawo wniesienia skargi do Prezesa Urz\u0119du Ochrony Danych Osobowych.<\/span><\/li>\n<li><span>Pani\/Pana dane nie b\u0119d\u0105 przedmiotem zautomatyzowanego podejmowania decyzji, w tym profilowania.<\/span><\/li>\n<\/ol>\n<p>&nbsp;<\/p>\n<\/div>\n<\/td>\n<\/tr>\n<tr>\n<td>\n<div class=\"tresc\">&nbsp;<\/div>\n<\/td>\n<\/tr>\n<tr>\n<td>\n<div class=\"tresc\">&nbsp;<\/div>\n<\/td>\n<\/tr>\n<\/tbody>\n<\/table>\n","protected":false},"excerpt":{"rendered":"<p>Informacja o przetwarzaniu danych osobowych: &nbsp; Administratorem Pani\/Pana danych osobowych jest Miejska Biblioteka Publiczna w \u0141aziskach G\u00f3rnych z siedzib\u0105 przy ulicy \u015aw. Jana Paw\u0142a II<\/p>\n","protected":false},"author":1,"featured_media":0,"parent":0,"menu_order":0,"comment_status":"closed","ping_status":"closed","template":"","meta":{"ngg_post_thumbnail":0},"_links":{"self":[{"href":"https:\/\/biblioteka.laziska.pl\/index.php\/wp-json\/wp\/v2\/pages\/304"}],"collection":[{"href":"https:\/\/biblioteka.laziska.pl\/index.php\/wp-json\/wp\/v2\/pages"}],"about":[{"href":"https:\/\/biblioteka.laziska.pl\/index.php\/wp-json\/wp\/v2\/types\/page"}],"author":[{"embeddable":true,"href":"https:\/\/biblioteka.laziska.pl\/index.php\/wp-json\/wp\/v2\/users\/1"}],"replies":[{"embeddable":true,"href":"https:\/\/biblioteka.laziska.pl\/index.php\/wp-json\/wp\/v2\/comments?post=304"}],"version-history":[{"count":0,"href":"https:\/\/biblioteka.laziska.pl\/index.php\/wp-json\/wp\/v2\/pages\/304\/revisions"}],"wp:attachment":[{"href":"https:\/\/biblioteka.laziska.pl\/index.php\/wp-json\/wp\/v2\/media?parent=304"}],"curies":[{"name":"wp","href":"https:\/\/api.w.org\/{rel}","templated":true}]}}