{"id":7362,"date":"2024-11-29T12:30:27","date_gmt":"2024-11-29T11:30:27","guid":{"rendered":"https:\/\/biblioteka.laziska.pl\/?page_id=7362"},"modified":"2025-05-15T07:15:49","modified_gmt":"2025-05-15T05:15:49","slug":"transformacja-na-terenie-miasta-laziska-gorne","status":"publish","type":"page","link":"https:\/\/biblioteka.laziska.pl\/index.php\/transformacja-na-terenie-miasta-laziska-gorne\/","title":{"rendered":"Transformacja na terenie Miasta \u0141aziska G\u00f3rne"},"content":{"rendered":"\n<h5 class=\"wp-block-heading\">Tytu\u0142 Projektu:<\/h5>\n\n\n\n<p>\u201eTransformacja na terenie Miasta \u0141aziska G\u00f3rne\u201d<\/p>\n\n\n\n<h5 class=\"wp-block-heading\">Nazwa Beneficjenta:<\/h5>\n\n\n\n<p>Miasto \u0141aziska G\u00f3rne<\/p>\n\n\n\n<h5 class=\"wp-block-heading\">Partner Projektu:<\/h5>\n\n\n\n<p>Miejska Biblioteka Publiczna w \u0141aziskach G\u00f3rnych<\/p>\n\n\n\n<h5 class=\"wp-block-heading\">\u0179r\u00f3d\u0142a finansowania:<\/h5>\n\n\n\n<p>Projekt wsp\u00f3\u0142finansowany jest z Funduszy Europejskich w ramach Programu \u201eFundusze Europejskie dla \u015al\u0105skiego 2021\u20132027\u201d dla Priorytetu: FESL.10.00 Fundusze Europejskie na transformacj\u0119 dla Dzia\u0142ania: FESL.10.24 W\u0142\u0105czenie spo\u0142eczne \u2013 wzmocnienie procesu sprawiedliwej transformacji.<\/p>\n\n\n\n<h5 class=\"wp-block-heading\">Warto\u015b\u0107 Projektu i dofinansowania:<\/h5>\n\n\n\n<ul>\n<li>Warto\u015b\u0107 ca\u0142kowita Projektu: 3 783 707,00 z\u0142<\/li>\n\n\n\n<li>Kwota dofinansowania: 3 783 707,00 z\u0142<\/li>\n\n\n\n<li>Dofinansowanie z Funduszy Europejskich: 3 405 336,30 z\u0142<\/li>\n\n\n\n<li>Dofinansowanie z Bud\u017cetu Pa\u0144stwa: 378 370,70 z\u0142<\/li>\n<\/ul>\n\n\n\n<h5 class=\"wp-block-heading\">Okres realizacji:<\/h5>\n\n\n\n<p>Projekt jest realizowany od 1 wrze\u015bnia 2024 roku do 30 czerwca 2026 roku.<\/p>\n\n\n\n<p><\/p>\n\n\n\n<h5 class=\"wp-block-heading\">Kr\u00f3tki opis Projektu, zak\u0142adane efekty i g\u0142\u00f3wne korzy\u015bci:<\/h5>\n\n\n\n<p>Celem Projektu jest podj\u0119cie dzia\u0142a\u0144 i rozw\u00f3j aktywno\u015bci spo\u0142ecznej oraz przygotowanie do akceptacji dla procesu sprawiedliwej transformacji i zmiany klimatycznej na rzecz 500 os\u00f3b (350 kobiet, 150 m\u0119\u017cczyzn).<br>W ramach Projektu zostan\u0105 zrealizowane dzia\u0142ania dla Miasta \u0141aziska G\u00f3rne s\u0142u\u017c\u0105ce poprawie jako\u015bci \u017cycia, rozwojowi aktywno\u015bci spo\u0142ecznej, jak r\u00f3wnie\u017c akceptacji dla procesu transformacji i zmiany klimatycznej z wykorzystaniem potencja\u0142u lokalnego, w tym rozwi\u0105zywaniu zdiagnozowanych problem\u00f3w spo\u0142ecznych.<br>B\u0119d\u0105 to:<\/p>\n\n\n\n<ul>\n<li>Dzia\u0142ania edukacyjne i \u015bwiadomo\u015bciowe z zakresu zielonej gospodarki, ekologii oraz transformacji regionu zwi\u0105zanej z przej\u015bciem na gospodark\u0119 neutraln\u0105 dla klimatu, kt\u00f3re s\u0142u\u017cy\u0107 b\u0119d\u0105 przeciwdzia\u0142aniu ub\u00f3stwu energetycznemu.<\/li>\n\n\n\n<li>Inicjatywy lokalne (oddolne) aktywizuj\u0105ce spo\u0142eczno\u015b\u0107.<\/li>\n\n\n\n<li>Promowanie integracji spo\u0142ecznej os\u00f3b zagro\u017conych ub\u00f3stwem lub wykluczeniem spo\u0142ecznym, w tym os\u00f3b najbardziej potrzebuj\u0105cych i dzieci.<\/li>\n\n\n\n<li>Przeprowadzenie wizyt studyjnych.<\/li>\n\n\n\n<li>Utworzenie miejsc spotka\u0144 sprzyjaj\u0105cych integracji mieszka\u0144c\u00f3w \u2013 stworzenie nowej infrastruktury.<\/li>\n<\/ul>\n\n\n\n<h5 class=\"wp-block-heading\">Grupa docelowa:<\/h5>\n\n\n\n<p>Projekt skierowany jest do 500 os\u00f3b (350 kobiet, 150 m\u0119\u017cczyzn).<\/p>\n\n\n\n<p>Preferowan\u0105 grup\u0119 docelow\u0105 Uczestnik\u00f3w Projektu stanowi\u0105:<\/p>\n\n\n\n<ul>\n<li>Kobiety +40 pkt<\/li>\n\n\n\n<li>Osoby w wieku 15\u201329 lat +40 pkt<\/li>\n\n\n\n<li>Pracownicy kopalni lub elektrowni +30 pkt<\/li>\n\n\n\n<li>Rodziny pracownik\u00f3w kopalni lub elektrowni +25 pkt<\/li>\n\n\n\n<li>Osoby do\u015bwiadczaj\u0105ce wielokrotnego wykluczenia spo\u0142ecznego +25 pkt<\/li>\n\n\n\n<li>Osoby z niepe\u0142nosprawno\u015bciami +25 pkt<\/li>\n\n\n\n<li>Dotychczasowa aktywno\u015b\u0107 w lokalnej spo\u0142eczno\u015bci +10 pkt<\/li>\n<\/ul>\n\n\n\n<p>Warunkiem przyj\u0119cia do Projektu jest zamieszkiwanie, praca b\u0105d\u017a nauka na terenie podregionu tyskiego w \u0141aziskach G\u00f3rnych oraz z\u0142o\u017cenie w Biurze Projektu uzupe\u0142nionych i podpisanych dokument\u00f3w rekrutacyjnych.<\/p>\n\n\n\n<p>Projekt zapewnia pe\u0142n\u0105 dost\u0119pno\u015b\u0107 dla os\u00f3b z niepe\u0142nosprawno\u015bciami \u2013 zaj\u0119cia b\u0119d\u0105 dostosowane do r\u00f3\u017cnych potrzeb uczestnik\u00f3w, a na pro\u015bb\u0119 zostanie zapewniony asystent lub t\u0142umacz j\u0119zyka migowego.<\/p>\n\n\n\n<p>Osoby zainteresowane udzia\u0142em w Projekcie proszone s\u0105 o kontakt z <strong>Biurem Projektu:<br>Miejska Biblioteka Publiczna w \u0141aziskach G\u00f3rnych<br>ul. \u015bw. Jana Paw\u0142a II 1<br>43-170 \u0141aziska G\u00f3rne<br>Telefon: (32) 224 14 12 wew. 28<br>E-mail: biuroprojektu@transformacja.laziska.pl<\/strong><\/p>\n\n\n\n<h5 class=\"wp-block-heading\">Hasztagi:<\/h5>\n\n\n\n<p>#FunduszeUE #FunduszeEuropejskie<\/p>\n\n\n\n<hr class=\"wp-block-separator has-alpha-channel-opacity\"\/>\n\n\n\n<p>Linki:<\/p>\n\n\n\n<ul>\n<li><a href=\"https:\/\/www.transformacja.laziska.pl\/\" target=\"_blank\" rel=\"noreferrer noopener\">s<\/a><a rel=\"noreferrer noopener\" href=\"https:\/\/www.transformacja.laziska.pl\/\" target=\"_blank\">trona internetowa projektu Transformacja na terenie miasta \u0141aziska G\u00f3rne<\/a><\/li>\n\n\n\n<li><a rel=\"noreferrer noopener\" href=\"https:\/\/www.facebook.com\/people\/Transformacja-na-terenie-miasta-%C5%81aziska-G%C3%B3rne\/61570408081842\/\" target=\"_blank\">strona projektu na Facebooku<\/a><\/li>\n\n\n\n<li><a href=\"https:\/\/www.transformacja.laziska.pl\/index.php\/do-pobrania\/\" data-type=\"URL\" data-id=\"https:\/\/www.transformacja.laziska.pl\/index.php\/do-pobrania\/\" target=\"_blank\" rel=\"noreferrer noopener\">dokumenty rekrutacyjne i harmonogramy<\/a><\/li>\n<\/ul>\n","protected":false},"excerpt":{"rendered":"<p>Tytu\u0142 Projektu: \u201eTransformacja na terenie Miasta \u0141aziska G\u00f3rne\u201d Nazwa Beneficjenta: Miasto \u0141aziska G\u00f3rne Partner Projektu: Miejska Biblioteka Publiczna w \u0141aziskach G\u00f3rnych \u0179r\u00f3d\u0142a finansowania: Projekt wsp\u00f3\u0142finansowany<\/p>\n","protected":false},"author":3,"featured_media":7934,"parent":0,"menu_order":0,"comment_status":"closed","ping_status":"closed","template":"","meta":{"ngg_post_thumbnail":0},"_links":{"self":[{"href":"https:\/\/biblioteka.laziska.pl\/index.php\/wp-json\/wp\/v2\/pages\/7362"}],"collection":[{"href":"https:\/\/biblioteka.laziska.pl\/index.php\/wp-json\/wp\/v2\/pages"}],"about":[{"href":"https:\/\/biblioteka.laziska.pl\/index.php\/wp-json\/wp\/v2\/types\/page"}],"author":[{"embeddable":true,"href":"https:\/\/biblioteka.laziska.pl\/index.php\/wp-json\/wp\/v2\/users\/3"}],"replies":[{"embeddable":true,"href":"https:\/\/biblioteka.laziska.pl\/index.php\/wp-json\/wp\/v2\/comments?post=7362"}],"version-history":[{"count":8,"href":"https:\/\/biblioteka.laziska.pl\/index.php\/wp-json\/wp\/v2\/pages\/7362\/revisions"}],"predecessor-version":[{"id":8245,"href":"https:\/\/biblioteka.laziska.pl\/index.php\/wp-json\/wp\/v2\/pages\/7362\/revisions\/8245"}],"wp:featuredmedia":[{"embeddable":true,"href":"https:\/\/biblioteka.laziska.pl\/index.php\/wp-json\/wp\/v2\/media\/7934"}],"wp:attachment":[{"href":"https:\/\/biblioteka.laziska.pl\/index.php\/wp-json\/wp\/v2\/media?parent=7362"}],"curies":[{"name":"wp","href":"https:\/\/api.w.org\/{rel}","templated":true}]}}