{"id":4736,"date":"2023-07-07T11:03:57","date_gmt":"2023-07-07T09:03:57","guid":{"rendered":"http:\/\/biblioteka.laziska.pl\/?post_type=tribe_events&#038;p=4736"},"modified":"2023-07-07T11:03:57","modified_gmt":"2023-07-07T09:03:57","slug":"ii-rajd-gorski-z-ksiazka-w-plecaku","status":"publish","type":"tribe_events","link":"https:\/\/biblioteka.laziska.pl\/index.php\/event\/ii-rajd-gorski-z-ksiazka-w-plecaku\/","title":{"rendered":"II Rajd G\u00f3rski &#8222;Z ksi\u0105\u017ck\u0105 w plecaku&#8221;"},"content":{"rendered":"<p>MOSiR \u0141aziska G\u00f3rne i Miejska Biblioteka Publiczna zapraszaj\u0105 na II Rajd G\u00f3rski &#8222;Z ksi\u0105\u017ck\u0105 w plecaku&#8221;.<br \/>\nInformacje i zapisy: tel. 32 221 11 38<\/p>\n","protected":false},"excerpt":{"rendered":"<p>MOSiR \u0141aziska G\u00f3rne i Miejska Biblioteka Publiczna zapraszaj\u0105 na II Rajd G\u00f3rski &#8222;Z ksi\u0105\u017ck\u0105 w plecaku&#8221;. Informacje i zapisy: tel. 32 221 11 38<\/p>\n","protected":false},"author":3,"featured_media":4737,"comment_status":"closed","ping_status":"closed","template":"","meta":{"ngg_post_thumbnail":0,"_tribe_events_status":"","_tribe_events_status_reason":""},"tags":[],"tribe_events_cat":[24],"_links":{"self":[{"href":"https:\/\/biblioteka.laziska.pl\/index.php\/wp-json\/wp\/v2\/tribe_events\/4736"}],"collection":[{"href":"https:\/\/biblioteka.laziska.pl\/index.php\/wp-json\/wp\/v2\/tribe_events"}],"about":[{"href":"https:\/\/biblioteka.laziska.pl\/index.php\/wp-json\/wp\/v2\/types\/tribe_events"}],"author":[{"embeddable":true,"href":"https:\/\/biblioteka.laziska.pl\/index.php\/wp-json\/wp\/v2\/users\/3"}],"replies":[{"embeddable":true,"href":"https:\/\/biblioteka.laziska.pl\/index.php\/wp-json\/wp\/v2\/comments?post=4736"}],"version-history":[{"count":1,"href":"https:\/\/biblioteka.laziska.pl\/index.php\/wp-json\/wp\/v2\/tribe_events\/4736\/revisions"}],"predecessor-version":[{"id":4738,"href":"https:\/\/biblioteka.laziska.pl\/index.php\/wp-json\/wp\/v2\/tribe_events\/4736\/revisions\/4738"}],"wp:featuredmedia":[{"embeddable":true,"href":"https:\/\/biblioteka.laziska.pl\/index.php\/wp-json\/wp\/v2\/media\/4737"}],"wp:attachment":[{"href":"https:\/\/biblioteka.laziska.pl\/index.php\/wp-json\/wp\/v2\/media?parent=4736"}],"wp:term":[{"taxonomy":"post_tag","embeddable":true,"href":"https:\/\/biblioteka.laziska.pl\/index.php\/wp-json\/wp\/v2\/tags?post=4736"},{"taxonomy":"tribe_events_cat","embeddable":true,"href":"https:\/\/biblioteka.laziska.pl\/index.php\/wp-json\/wp\/v2\/tribe_events_cat?post=4736"}],"curies":[{"name":"wp","href":"https:\/\/api.w.org\/{rel}","templated":true}]}}

II Rajd Górski &#8222;Z książką w plecaku&#8221;

<p>MOSiR Łaziska Górne i Miejska Biblioteka Publiczna zapraszają na II Rajd Górski &#8222;Z książką w plecaku&#8221;.<br />
Informacje i zapisy: tel. 32 221 11 38</p>

<p>MOSiR Łaziska Górne i Miejska Biblioteka Publiczna zapraszają na II Rajd Górski &#8222;Z książką w plecaku&#8221;. Informacje i zapisy: tel. 32 221 11 38</p>
